. Let d be s(1). Suppose -d*k + 2092 = -24*k. List the prime factors of k.
2, 523
Let w(a) = a**2 + 268*a + 12. What are the prime factors of w(5)?
3, 17
Suppose -5*u + 16 + 39 = 0. Let i = u - 11. Suppose r + r - 148 = i. What are the prime factors of r?
2, 37
Let z(k) = -548*k + 4719. List the prime factors of z(-41).
31, 877
Let r be (28 - 1 - -2) + 28 + -31. What are the prime factors of (273/r)/(1 - 166/168)?
2, 3, 7
Let f = 112 + -110. Suppose -4*c - 4*g + 924 = 0, -491 = -f*c + 3*g - 34. What are the prime factors of c?
2, 5, 23
Let y(p) be the third derivative of p**7/1260 + p**6/40 + p**5/4 + 5*p**2. Let o(b) be the third derivative of y(b). What are the prime factors of o(-3)?
2, 3
Suppose 17*l - 16*l = 131. Let f = -127 + l. What are the prime factors of (-2 + -12)*((-10)/f + -1)?
7
Let i(l) = -742*l + 14017. What are the prime factors of i(0)?
107, 131
What are the prime factors of (46740/24 - -14)*2?
3923
Let x(i) = 269*i**2 - 68*i - 77. What are the prime factors of x(10)?
13, 2011
Let y be (-5)/30 + 1897/42. Suppose -y*s + 31*s = -3822. What are the prime factors of s?
3, 7, 13
Suppose 4*v - 4 = z, -3*v + 3 = 4*z - 0. Suppose 3*w - 2*o - 10 = -z*w, -o = -2*w + 8. List the prime factors of 4/(4 - w) - -40.
2, 19
Suppose y + 0*y = -v + 196, 0 = -2*y - v + 387. Suppose -192*j = -y*j - 5. Suppose -x - j*d = -24, 3*x - 32 = 2*d + 3*d. List the prime factors of x.
2, 7
Suppose -29847*z - 354816 = -29865*z. List the prime factors of z.
2, 7, 11
Suppose 5*l = -o + 11, -3*o - 5*l + 37 = 4. Let c be ((-4)/12 + 1)/(2/(-33)). Let g = o - c. What are the prime factors of g?
2, 11
Let r(d) = d**3 - 14*d**2 - 2*d - 2. Let m = -46 + 60. Let t be r(m). List the prime factors of (-4 - t)/((-4)/(-10)).
5, 13
Suppose -12*x = 22128 + 15588. Let a = 4417 + x. What are the prime factors of a?
2, 7, 13
Let s(o) = -o**3 + 2*o**2 - 1. Let l(d) = -d**3 - 6*d - 2. Let z(f) = -l(f) + 2*s(f). Suppose 3 + 7 = 2*g. List the prime factors of z(g).
5
Let s = 37905 - -5416. List the prime factors of s.
43321
Let n = -399 - -746. List the prime factors of -3*(4 - 26/6) + n.
2, 3, 29
List the prime factors of 10561 + 5/(35/63).
2, 5, 7, 151
Suppose -2*m = a - 14991, 0 = 4*m - 0*m - 4*a - 29976. List the prime factors of m.
5, 1499
Suppose 3*z - 16 = 65. List the prime factors of 742/63 + 6/z.
2, 3
Let u(s) = -2*s**3 + 8*s**2 - 3*s - 6. Let c be u(3). Suppose -4*d + 961 = y, c*d - 308 = 5*y + 384. List the prime factors of d.
239
Let a(y) = -2567*y + 205. List the prime factors of a(-3).
2, 59, 67
Suppose -4*z - 4*n + 272 = 0, 26*z + 2*n - 207 = 23*z. Suppose z*p + 4779 = 80*p. List the prime factors of p.
3, 59
Let v = 117 - 115. Suppose -211 + 663 = v*g - s, 4*g = -2*s + 920. List the prime factors of g.
2, 3, 19
Let y(p) = -686*p - 1790. List the prime factors of y(-29).
2, 31, 73
Suppose u - 2*i - 9376 - 13332 = 0, i - 45416 = -2*u. What are the prime factors of u?
2, 7, 811
Let o(c) = 4*c**2 - c + 1. Let f be o(1). Suppose -x - f*v = -324, x - 4*x = -4*v - 892. What are the prime factors of x?
2, 19
What are the prime factors of 1272201/56 + -12 + 291/24?
2, 37, 307
Suppose 0 = -5*g - x + 160 + 363, -4*g + 418 = x. List the prime factors of (-6 - (0 - 4)) + g.
103
Suppose 37*u - 32*u - 20 = 0. Suppose -10*w + 5*w - 2*v + 2653 = 0, 4*w + u*v - 2132 = 0. List the prime factors of w.
23
Let c(f) be the second derivative of f**4/3 + 9*f**3 + 3*f**2/2 + 101*f. What are the prime factors of c(-16)?
163
Suppose -43*b - 17316 = -103*b + 24*b. What are the prime factors of b?
13, 37
Suppose 2*n - 3*y - 2 = -5, 3*n + 3*y = -42. Let j be ((-2)/6)/1 - 3/n. Suppose j*o - 61 = -3*o + 5*v, 0 = 3*o - 3*v - 69. What are the prime factors of o?
3
Let h be 600/9 + (-35)/21. Let m = -56 + h. What are the prime factors of ((-1116)/16)/m*-12?
3, 31
Suppose -10 = -3*m - 2*u, 0*m - 3*m = -2*u - 14. Suppose -7072 = -m*b - 22*b. List the prime factors of b.
2, 17
Let g(t) = 10*t**2 - 9*t - 2. Let v(r) = 14*r**2 + 3*r + 1. Let x be v(-1). Suppose 3*u - 7*u - x = 0. What are the prime factors of g(u)?
5, 23
Let x = -965 - -455. Let w = -319 - x. What are the prime factors of w?
191
Suppose 5*j = 2*d - 5869 - 7078, 2*d - 12971 = -3*j. List the prime factors of d.
6481
Suppose -17379 = -3*c + 3*s, -4*c - 4*s + 2281 = -20899. What are the prime factors of c?
2, 2897
Suppose 0 = -139*r + 147*r. Suppose 4*k - g - 740 = r, -2*k + g + 344 = -26. List the prime factors of k.
5, 37
Let g be 0/(-1 + 4/(-4)). Let a(k) = k**3 + k**2 + k + 856. What are the prime factors of a(g)?
2, 107
What are the prime factors of ((2/(-10))/(3/(-10)))/((-61)/(-1992504))?
2, 1361
Suppose -15*s + 235 = 355. List the prime factors of (s - (-8 + 3))*-265.
3, 5, 53
Suppose 12*c = 5576 + 10252. Let u = c - 851. List the prime factors of u.
2, 3, 13
Let d(q) = 34*q**2 - 94*q + 151. What are the prime factors of d(-29)?
11, 2861
Let i(j) = 19*j**2 + 15*j. Let z be 57/(-11) - 16/(-88). Let r be i(z). Suppose r = 7*v - 2*v. List the prime factors of v.
2, 5
Suppose 4*l - 3*n - 18 = 3*l, 0 = 4*l + 3*n - 42. Let r be 11 + l - (0 - -1). Let i = r + -5. List the prime factors of i.
17
Let l = -5143 + 13934. What are the prime factors of l?
59, 149
Suppose -3*s + 4*l + 78 = 51, 20 = s - 5*l. Suppose s*i - 4*j - 1233 = 0, 4*i - 50*j - 990 = -48*j. List the prime factors of i.
3, 83
Let z(s) = 50*s**2 - 30*s - 173. Let l be z(-8). Suppose t - 1527 = -o, -2*o - 5*t + l - 210 = 0. What are the prime factors of o?
2, 7, 109
List the prime factors of 5485/(-3)*32/96*-9*1.
5, 1097
Suppose -6506 = -4*p - 3*l + 160670, 125392 = 3*p + l. What are the prime factors of p?
2, 5, 11, 19
Suppose -8*h + 11*h = 21. Suppose h*a = -6*a + 39. Suppose -2*i + 150 = a*i + 5*f, -i + 2*f = -39. List the prime factors of i.
3, 11
Let g be (-2)/(50/(-16) + 3). Suppose g - 4 = 3*c. Suppose -c*l = -l - 36. What are the prime factors of l?
2, 3
Let x(j) = 46*j**2 + 21*j + 21. Let o(h) = 68*h**2 + 32*h + 31. Let b(v) = -5*o(v) + 8*x(v). What are the prime factors of b(-5)?
673
Let z = -9069 - -12640. List the prime factors of z.
3571
List the prime factors of (64868/28 - -12) + (-6)/(-21).
17, 137
Let w(h) = -3 + 4*h - h + h**3 - 4*h**2 - 4*h**2 + 5*h. Let p be w(7). Suppose j - 57 = p. List the prime factors of j.
61
Let m(j) = -j**2 + 12*j + 9. Let z(q) = q**2 + 3*q + 5. Let s be z(-6). Let o = s + -15. What are the prime factors of m(o)?
41
Let s = 18399 - 10881. What are the prime factors of s?
2, 3, 7, 179
Suppose -154*i + 415399 + 8255 = 0. List the prime factors of i.
3, 7, 131
Suppose -4*q = 5*z - 5*q - 41226, -z + 8243 = 2*q. What are the prime factors of z?
5, 17, 97
Let p be 700 + (2 - (-3 - -5)). Suppose 7 = d + 5*f, -2*d + f - 83 = -7*d. Suppose -12*s + d*s = p. List the prime factors of s.
2, 5, 7
Suppose 4*u = -5*c + 3079, -2504 = -2*u - 4*c - 972. Let m = -255 + u. What are the prime factors of m?
521
Suppose -2*q - 45 = -5*o, 5*o - 7 = -3*q + 13. Let x(m) = m**3 - m**2 + 12*m + 29. What are the prime factors of x(o)?
11, 37
Let p(s) = -254*s + 65. Let u be p(-9). Suppose 3*r + 245 - u = -5*d, -d + 1411 = 2*r. List the prime factors of r.
7, 101
Let p = -115 + 59. Let q = -43 - p. Suppose -5*c = 3*h + h - 94, -5*h - q = -c. List the prime factors of c.
2, 3
Let c = -13759 + 24416. List the prime factors of c.
10657
Let w(j) = j**2 + 3*j + 3. Let k be w(-3). Suppose -3 - 1 = -33*c + 29. List the prime factors of (c - 364/(-12))*k.
2, 47
Let j(v) be the first derivative of 181*v**4/12 - 4*v**3/3 + 7*v**2/2 + 18*v - 34. Let s(d) be the first derivative of j(d). List the prime factors of s(1).
2, 3, 5
Suppose -4*d = -44*d + 679320. List the prime factors of d.
3, 17, 37
Suppose -i = 48*l - 53*l + 89059, -71250 = -4*l - 2*i. What are the prime factors of l?
2, 61, 73
Let u(g) = -6*g - 86. Let j be u(-26). Suppose -j = 17*f + 168. Let z = 31 + f. List the prime factors of z.
17
Let y(o) = -42*o + 25*o - 2 + 2*o**3 + 22*o + 3*o**2 - 6*o**2. Let k be y(4). Let f = k + -4. List the prime factors of f.
2, 47
What are the prime factors of ((-4501)/4 + -10)/(183/(-60) + 3)?
5, 19, 239
Suppose 0 = 44*p - 20*p - 253209 - 73479. What are the prime factors of p?
2, 41, 83
Let p(u) = -u**3 + 17*u**2 + 20*u - 26. Let o be p(18). List the prime factors of (-